 s be k(-11). Let o be x(s). What is the units digit of (-4 + 2)*2*o?
4
Suppose -8*x - 1332 = -4*p - 4*x, p - 309 = -5*x. What is the hundreds digit of p?
3
Suppose -42 = -8*n + 6. Suppose 5*f - n*f + 5 = 0. What is the units digit of f?
5
Let x be 0 + 2182/(-7) + 2/(-7). Let s = x + 501. What is the hundreds digit of s?
1
Let u = 19 - 35. Let z = 57 + u. What is the units digit of z?
1
Let m be 30/(-20)*8/(-3). Let f be 6/m*(-4)/3. Let b(p) = 14*p**2 + 2*p + 3. What is the tens digit of b(f)?
5
Let x(h) = h**3 + 6*h**2 + 6*h + 1. Let y be x(-4). Suppose -4*g + 44 = 2*w + 2, -g - w + 13 = 0. Let m = g + y. What is the units digit of m?
7
Suppose -4*k + 15 = -1. Suppose -4*i = 5*s - 414, 5*i - 562 = k*s - 24. What is the hundreds digit of i?
1
Let k = 173 - 132. What is the tens digit of k?
4
Let c(w) be the first derivative of w**4/4 - 3*w**3 - 9*w**2/2 - 9*w - 11. What is the units digit of c(10)?
1
Let w(g) = 15*g**2 + 7*g**2 - g + 11*g**2 - g. Let f be w(2). Suppose -3*t - r + 97 = 0, -3*t + r = -7*t + f. What is the tens digit of t?
3
Suppose 0 = -5*r - 56 + 176. Let f = r + -6. Let x = f - 15. What is the units digit of x?
3
Let q = -4 + 84. Let r = q - 24. What is the tens digit of r?
5
Suppose 5*v + 3196 = 4*b + 9*v, b - 3*v - 803 = 0. Suppose -13*t + b = -3*t. What is the units digit of t?
0
Suppose 0*w + 7 = -5*w - 3*a, 3*w + 3*a + 3 = 0. Let s be w/(-15) + (-6942)/90. Let q = -22 - s. What is the units digit of q?
5
Let r = -12 + 127. Suppose -2*l + 267 = 3*b, r = 4*b - 5*l - 241. What is the tens digit of b?
8
Suppose -11 = 2*r - 3. What is the tens digit of (r/(-26) - 9/(-26))*204?
0
Suppose v - 5 - 10 = -2*h, 2*v + 15 = 5*h. Suppose -22 = -q + 6*x - 2*x, 2*x = -v*q + 132. Suppose q*d - 192 = 22*d. What is the tens digit of d?
4
Suppose -4*x = 0, -2*s + 7 - 3 = -x. Suppose 0 = -5*o + 2*o - 3*c, -6 = s*o - 4*c. What is the units digit of 4 + o - (3 + -38)?
8
Suppose 2*i + 32 = -5*x + 12, i = -2*x - 8. Let t be 140/(-105)*(0 - (-3)/(-2)). Suppose -t*w + 0*w + 30 = i. What is the units digit of w?
5
Let a = 36 - 14. Suppose -2*y + 3*y = a. Suppose 4*f = 5*v - 99, f + 4 = -v + y. What is the tens digit of v?
1
Suppose 2*b = 5*d - 19392, 14*d + 15515 = 18*d - 3*b. What is the thousands digit of d?
3
Let b = 1135 + -557. What is the tens digit of b?
7
Suppose -1716 = 5*f - 6886. What is the tens digit of f?
3
Let r = -33 - -35. Suppose r*i - 136 = -2. What is the units digit of i?
7
Suppose 0 = -11*p - 11*p + 22770. What is the tens digit of p?
3
Let d = 134 + -120. Let r(n) = -n**3 + 6*n**2 - 3*n + 3. Let x be r(3). Let a = x - d. What is the units digit of a?
7
Let r be ((-16)/6)/(-2)*57/38. Suppose -5*i + 48 = -s + r*s, 3*s = 2*i + 178. What is the units digit of s?
8
Let f(j) = -1248*j + 39. What is the units digit of f(-1)?
7
Let r(i) = i**3 + 15*i**2 + 11*i - 15. Let q be r(-14). Suppose 2*j - 373 = q. What is the hundreds digit of j?
2
Suppose 4*m = 5*x + 516, 3*m - 463 = -2*x - 53. What is the units digit of m?
4
Let p = 6034 + -3212. What is the hundreds digit of p?
8
Suppose -5*u - 4*l = -374, -3*u - 3*l = 2*u - 378. Suppose 4*w - 186 = -2*z, 9*w - 4*w = -z + u. What is the units digit of z?
3
Let l(u) be the third derivative of -23*u**6/360 - u**5/60 - u**4/3 - 3*u**2. Let n(v) be the second derivative of l(v). What is the units digit of n(-1)?
4
Suppose s = k - 3*k - 6, 0 = -2*k - 10. What is the units digit of 1152/52 - s/26?
2
Let p(k) = k**3 + 23*k**2 + 24*k + 27. What is the units digit of p(-11)?
5
Suppose 0 = 4*i - 5*f - 13, f = -4*i + 25 + 6. Suppose -q - i + 16 = 0. What is the units digit of 129/q - (-6)/(-18)?
4
Let a(i) = 9*i**3 + 4*i**2 + 2*i - 5. What is the tens digit of a(4)?
4
Suppose -2*f = -5*a - 3331, -f + 11*a + 1667 = 8*a. What is the hundreds digit of f?
6
Suppose 2*s - 286 = 5*t, 2 = 3*s - 7. Let n = t + 38. Let x = -8 - n. What is the units digit of x?
0
Suppose 2*o - 15 = -o. Suppose s + o = 3. Let w(v) = v**2 - v - 1. What is the units digit of w(s)?
5
Suppose -3*p = -2*d + 4*d + 125, d + p + 62 = 0. What is the units digit of 1 - (-2)/1 - 0 - d?
4
Let a = 11 + 26. Let h = 62 + -44. Suppose -h = -5*j + a. What is the tens digit of j?
1
Let f be -21 - (-3 + 1 + -1). Let a be (-1)/2*(18 - f). What is the units digit of (0 - a)*(-4)/(-1)?
2
Suppose 130 = -b - b. Let c be b*(36/(-10) + 4). What is the units digit of (-4)/(-30) + c/(-30)?
1
Suppose -c + 1943 = 4*c + 3*o, 5*c - 1942 = -2*o. What is the tens digit of c?
8
Let j(n) = 22*n**2 - 39*n - 20. What is the hundreds digit of j(-7)?
3
Suppose 0 = -6*r + 2835 - 507. Suppose 4*l - r = -4*t, 3*t = 5*t - 5*l - 208. What is the units digit of t?
9
Let w be ((-2)/(-3) - 0)*27. Let y = 288 + w. What is the units digit of y?
6
Let q = 394 - 184. Suppose -5*l = q - 1325. What is the tens digit of l?
2
Let l(f) = -f**2 + 45. Let q be l(0). Let k(d) = d - 23. Let z be k(9). Let u = z + q. What is the tens digit of u?
3
Let w = 4494 - 1889. What is the tens digit of w?
0
Suppose -2*l = 24 - 8. Let r = -4 - l. What is the units digit of r?
4
Let n(k) = 2*k - 5. Let t be n(1). Let m(g) = -5*g - 4*g**2 - g**3 + 2*g**2 + g**2 - 2. What is the tens digit of m(t)?
3
Suppose 3*t - 2*n = 1747, 2*n = 2*t - 106 - 1056. What is the units digit of t?
5
Suppose 28*o - 2*o - 36816 = 0. What is the thousands digit of o?
1
Let p = -109 - -115. What is the hundreds digit of -4 + 10/p*69?
1
Suppose t - 23 = -3*j, 2*t = 4*j - 2*t - 52. Let z(g) = 9*g + 14. What is the units digit of z(j)?
5
Let c(u) = 2*u**2 - 57*u + 404. What is the thousands digit of c(37)?
1
Suppose -1 = -2*z - 2*t + 13, 0 = -z + 5*t - 23. Let h(x) = x**2 - 4*x + 4. Let v be h(z). Suppose v*q + 28 = q. What is the units digit of q?
8
Let p = 1209 - 847. What is the units digit of p?
2
Let u be 2 - 11/6 - 85/(-30). What is the hundreds digit of (0 + -1)/(u/912*-2)?
1
Let x(p) = p**2 - 16*p + 304. What is the thousands digit of x(42)?
1
Let r be -6 + (-1)/1*4. Let w be (-736)/(-9) + r/(-45). Let g = -49 + w. What is the units digit of g?
3
Let f = -2 - -2. Suppose -2*u + 98 + 4 = f. What is the tens digit of u?
5
What is the hundreds digit of (-7 - (-55)/10)/((-3)/776)?
3
Let c(x) = -x**3 + 21*x**2 + 3*x - 30. Suppose 0 = 19*i - 13 - 386. What is the units digit of c(i)?
3
Suppose 0 = 166*d - 161*d - 6220. What is the hundreds digit of d?
2
Let q be 1016/10 - 8/(-20). Let z = q + -54. What is the units digit of z?
8
Suppose 2*k - 7*k + 10 = 0. Suppose k*t - 4*t + 18 = 3*q, 3*t = 9. What is the units digit of q/(-6)*174/(-4)?
9
Suppose 3*v - 2*v - 1867 = b, -5*b = 15. What is the thousands digit of v?
1
Let p be (36/(-16))/((-1)/4). Suppose -4*n + p*n = 675. Suppose -2*b - 3*r - 13 = -67, -5*b = 4*r - n. What is the units digit of b?
7
Let q = 11 - 6. Suppose 17*l = 5*t + 22*l - 10, 4*t + 3*l = 13. Suppose t + 58 = q*x. What is the units digit of x?
3
Let r(z) = -61*z - 50. What is the units digit of r(-9)?
9
Let a(o) = -o**3 + o**2 + 1. Let f(t) = -5*t**3 + 16*t**2 - 3*t + 16. Let d(m) = 6*a(m) - f(m). What is the units digit of d(-11)?
8
Suppose -5*m - 652 + 3442 = -3*z, -z = -m + 556. What is the hundreds digit of m?
5
Let s(y) = -123*y + 33. What is the units digit of s(-2)?
9
What is the thousands digit of 82*26 - (69 - 74)?
2
Let t be -25*(-4)/30*102. Suppose 0 = -2*j - 2*j + t. Suppose -3*s - 2*y = -48, s - 5*y = 6*s - j. What is the units digit of s?
4
Let a be (-2 - -1)/3*-111. Let x = 371 - 370. Let f = x + a. What is the tens digit of f?
3
What is the tens digit of (-4 - -5)/((-2)/(-262))?
3
Let l = 48 - 46. Suppose -3*c - h = -6*h - 46, l*h = c - 17. What is the units digit of c?
7
What is the tens digit of 18981/9 + -2 + 6?
1
Let g = 100 - -715. What is the tens digit of g?
1
Let b(n) = -3*n - 6. Let w be b(-3). Suppose -4*u = -w*d - 36, 0 = 4*u + 5*d - 23 - 45. What is the units digit of u?
2
What is the units digit of 256/192*10866/16*4?
2
Let i = 163 + -262. Let j = 184 + i. Suppose b = -4*b + j. What is the tens digit of b?
1
Let y = -34 - -39. What is the tens digit of 12/y*(-190)/(-4)?
1
Suppose 3*m + m = -16. Let a(b) = b**2 + 1. Let v be a(m). Suppose 24 = r - v. What is the tens digit of r?
4
Let a(b) = 10*b**2 + 11*b + 9. What is the tens digit of a(10)?
1
Suppose 190 = -6*l + 11*l. Sup